t is 1022396 (base 10) in base 3?
1220221110112
Convert -23115544 (base 8) to base 14.
-9498c4
Convert -3214206 (base 9) to base 14.
-32b80a
41423431 (base 5) to base 7
2624103
-1539b75 (base 12) to base 5
-2100401302
1302355 (base 7) to base 12
81927
577073 (base 9) to base 7
2641512
What is -65241 (base 15) in base 8?
-1163160
-1413013 (base 5) to base 10
-29133
Convert -21884ca (base 13) to base 11.
-5886406
-a98640 (base 11) to base 9
-3262552
135505 (base 11) to base 15
42d44
120002212100 (base 3) to base 7
2345601
72142676 (base 8) to base 12
513813a
-22221312311 (base 4) to base 10
-2792885
20002000220 (base 3) to base 2
11101001100011100
What is -230330112 (base 4) in base 3?
-100100112000
25645 (base 10) to base 7
134524
-210002023 (base 5) to base 3
-1121200012110
What is -282670 (base 13) in base 15?
-14454d
162026100 (base 7) to base 8
51607252
What is -56c80 (base 16) in base 5?
-42333311
414432222 (base 5) to base 8
6433064
What is 307a4 (base 13) in base 12?
42420
-143244446 (base 7) to base 6
-534405112
225b67 (base 13) to base 9
1467650
Convert -110010000000111101001 (base 2) to base 10.
-1638889
-10cbbe (base 16) to base 7
-12233065
What is 1303033033 (base 4) in base 8?
1631717
62aca (base 16) to base 12
175a8a
What is 8f324 (base 16) in base 6?
20323232
-61618 (base 11) to base 13
-31c11
Convert 111010011110101110 (base 2) to base 15.
4ae8e
What is 12022022202102 (base 3) in base 9?
5268672
What is 22202111002 (base 3) in base 10?
172397
What is 120202102012 (base 3) in base 5?
34411002
Convert -1005546 (base 8) to base 5.
-31440222
1a8592 (base 12) to base 10
470846
-10c70 (base 16) to base 3
-10111021012
What is 2111002121 (base 3) in base 14?
13b7b
What is 45749 (base 11) in base 13?
24131
8b6a9 (base 14) to base 9
565715
What is -1dc886 (base 15) in base 3?
-2202011122100
What is 26164112 (base 8) in base 14?
ab95a2
1212222211212 (base 3) to base 13
291b24
Convert 13121131131 (base 4) to base 7.
22324626
Convert 206223054 (base 7) to base 4.
232310310210
What is 251203 (base 6) in base 2?
101011100110011
What is -2da762 (base 14) in base 6?
-54213414
What is 354440 (base 9) in base 6?
4323100
Convert 179083 (base 13) to base 12.
2460a4
Convert 334434444 (base 5) to base 2.
101101010001111100101
Convert -22020021012 (base 3) to base 13.
-589a0
-4b24d (base 15) to base 12
-b6b84
-33420023 (base 5) to base 4
-1020001211
315462 (base 10) to base 2
1001101000001000110
What is -1505223 (base 10) in base 13?
-409185
-1122001120 (base 3) to base 4
-13311312
Convert 3130100210 (base 4) to base 13.
257846
Convert -397756 (base 14) to base 2.
-111100011010111100000
Convert 2098aa (base 12) to base 2.
1111101100111000010
What is -123b7 (base 13) in base 11?
-23287
Convert 20790 (base 16) to base 12.
64b80
4455334 (base 7) to base 3
1001000210221
What is 4866565 (base 9) in base 6?
132345052
What is 21824315 (base 9) in base 4?
220120133102
281711 (base 10) to base 9
468382
What is -43873 (base 10) in base 11?
-2aa65
15c7d2 (base 15) to base 9
1876778
-1334ca9 (base 13) to base 5
-3021143301
-1021333143 (base 5) to base 2
-1000001001101001100001
What is 123123330023 (base 4) in base 3?
111112102000122
Convert 10010010111001101000 (base 2) to base 7.
5054145
-20101011210200 (base 3) to base 13
-918717
What is -390409 (base 11) in base 9?
-1137164
11000101010010100010 (base 2) to base 7
6603654
Convert -4bb1b (base 13) to base 16.
-22406
Convert -1204b1 (base 12) to base 9.
-483167
3114551 (base 6) to base 8
445143
What is -103b1 (base 13) in base 14?
-a908
a9b3 (base 14) to base 8
71261
What is 175865 (base 10) in base 16?
2aef9
What is 941518 (base 11) in base 3?
2211201022010
Convert -1068099 (base 12) to base 3.
-12212201210100
What is 6290461 (base 10) in base 7?
104316352
-22dd2 (base 15) to base 11
-76540
What is 21211201120001 (base 3) in base 10?
4167370
What is -111202211 (base 4) in base 6?
-1520245
What is 330020130 (base 4) in base 12?
ba650
What is 16be1 (base 15) in base 11?
502a4
Convert 30143030 (base 5) to base 14.
6386a
-59797 (base 12) to base 9
-203077
What is -710165 (base 11) in base 4?
-10112312232
Convert -368659b (base 13) to base 12.
-5815610
Convert -3c5d82 (base 14) to base 9.
-3836082
-23000100 (base 4) to base 15
-d54c
What is -65557 (base 11) in base 15?
-1d2e8
What is -81366 (base 10) in base 5?
-10100431
Convert -10003451 (base 8) to base 9.
-3848235
What is 151029 (base 10) in base 15?
2eb39
Convert -57bc15 (base 13) to base 6.
-112345405
What is 4140302311 (base 5) in base 11?
48a3231
103222333301 (base 4) to base 11
2a02465
Convert -3c88d (base 15) to base 8.
-573404
What is -3027747 (base 8) in base 5?
-201024240
Convert -100111001010001000010 (base 2) to base 3.
-2102012010122
What is -223320132 (base 6) in base 5?
-2021210143
What is -43558 (base 16) in base 12?
-113734
17425 (base 11) to base 2
101111110010101
Convert -118861 (base 9) to base 8.
-214721
What is -136a58 (base 11) in base 6?
-4331453
Convert -b15 (base 13) to base 4.
-131111
Convert 358e4 (base 16) to base 8.
654344
Convert 1041102402 (base 5) to base 15.
301e52
What is -2220303 (base 5) in base 15?
-b788
What is -11110100001011100101 (base 2) in base 10?
-1000165
-100302220130 (base 4) to base 9
-8247878
What is -12101100001 (base 3) in base 9?
-171301
Convert a80bc (base 13) to base 10.
303341
Convert 202120012121010 (base 3) to base 9.
22505533
Convert -24a467 (base 12) to base 11.
-379770
Convert 133243030 (base 5) to base 4.
2212100313
What is -5402651 (base 8) in base 9?
-2638671
Convert -100111100010101110001000 (base 2) to base 10.
-10365832
40740 (base 11) to base 15
1293a
Convert -34b63 (base 15) to base 7.
-1266426
83887 (base 10) to base 6
1444211
What is -101010101111001011111 (base 2) in base 4?
-11111321133
-15844b (base 13) to base 10
-532413
Convert -2352020 (base 10) to base 4.
-20332032110
2081883 (base 9) to base 3
2002201222210
-1102767 (base 11) to base 12
-794596
What is -201324330 (base 5) in base 11?
-502148
What is -89168 (base 14) in base 11?
-207742
Convert -101111000101110011 (base 2) to base 3.
-100210120211
1503556 (base 7) to base 12
99587
Convert 184409 (base 11) to base 8.
1052534
Convert -23a3777 (base 12) to base 10.
-6932107
What is -9911b (base 12) in base 10?
-202343
1011010101100000 (base 2) to base 15
db57
Convert -222021122 (base 4) to base 3.
-22202210212
74263 (base 10) to base 3
10202212111
Convert 11120212121100 (base 3) to base 12.
997009
-1010001111011100001 (base 2) to base 5
-41214320
Convert 232325 (base 7) to base 4.
22023011
What is -405056 (base 8) in base 12?
-6543a
What is 2110313320 (base 4) in base 10?
609784
What is 89dd1 (base 15) in base 6?
13222024
Convert 41114444 (base 5) to base 9.
556083
-216327 (base 9) to base 7
-1045654
-10002210221112 (base 3) to base 4
-12102300113
What is -232304223 (base 7) in base 2?
-110110100000001001001101
What is -20434031 (base 7) in base 9?
-3215345
-146448 (base 9) to base 6
-1532455
What is -22001200122201 (base 3) in base 7?
-51264106
b4b4 (base 13) to base 15
7610
Convert -102201510 (base 6) to base 13.
-4a8314
117525 (base 9) to base 7
414260
-43105 (base 13) to base 8
-354261
Convert -14bb3b (base 14) to base 12.
-2aaab5
Convert -3b3b45 (base 15) to base 13.
-789212
-200110210211011 (base 3) to base 15
-cde0b1
52412320 (base 6) to base 3
2212112012110
What is d25ba (base 14) in base 10?
506040
What is 51641 (base 8) in base 15?
6524
12d45 (base 15) to base 12
2ab25
2003424 (base 5) to base 15
960e
What is -acf7e6 (base 16) in base 13?
-246b7b5
1047653 (base 9) to base 12
231bb6
Convert 128394 (base 11) to base 8.
611347
Convert -176631 (base 10) to base 13.
-62520
1000300231 (base 4) to base 16
40c2d
What is 28668 (base 10) in base 12?
14710
What is -6647234 (base 9) in base 14?
-690920
-841774 (base 9) to base 10
-499999
What is -213042443 (base 5) in base 16?
-ddf43
Convert -131002210300 (base 4) to base 12.
-2671614
5041150 (base 6) to base 12
b61b6
What is -54662253 (base 7) in base 10?
-4704381
-1589209 (base 12) to base 15
-5c2356
100e33 (base 15) to base 7
6324150
Convert 1202200200201 (base 3) to base 12.
3932b4
What is 5417727 (base 8) in base 16?
161fd7
What is 10211012000 (base 3) in base 8?
222726
What is 114141